{"id":2105,"date":"2025-12-12T13:19:21","date_gmt":"2025-12-12T13:19:21","guid":{"rendered":"https:\/\/bumart.pl\/index.php\/product\/szczypce-samonastawne-do-zaciskania-tulejek-175mm\/"},"modified":"2026-04-11T14:47:06","modified_gmt":"2026-04-11T14:47:06","slug":"szczypce-samonastawne-do-zaciskania-tulejek-175mm","status":"publish","type":"product","link":"https:\/\/bumart.pl\/index.php\/product\/szczypce-samonastawne-do-zaciskania-tulejek-175mm\/","title":{"rendered":"Szczypce samonastawne do zaciskania tulejek 175mm"},"content":{"rendered":"","protected":false},"excerpt":{"rendered":"<p>Niezb\u0119dne narz\u0119dzie do prac w telekomunikacji, elektronice, motoryzacji i pracach monterskich. Szczypce wyposa\u017cone w czterok\u0105tny profil zagniataj\u0105cy dla przewod\u00f3w o zakresie od 0.25 do 6.0 mm2 oraz blokad\u0119 zapewniaj\u0105c\u0105 wysok\u0105 jako\u015b\u0107 zagniatania. <\/p>\n","protected":false},"featured_media":2106,"comment_status":"open","ping_status":"closed","template":"","meta":[],"product_brand":[],"product_cat":[34],"product_tag":[],"class_list":{"0":"post-2105","1":"product","2":"type-product","3":"status-publish","4":"has-post-thumbnail","6":"product_cat-instalacje-elektryczne","8":"first","9":"instock","10":"taxable","11":"shipping-taxable","12":"purchasable","13":"product-type-simple"},"jetpack_sharing_enabled":true,"_links":{"self":[{"href":"https:\/\/bumart.pl\/index.php\/wp-json\/wp\/v2\/product\/2105","targetHints":{"allow":["GET"]}}],"collection":[{"href":"https:\/\/bumart.pl\/index.php\/wp-json\/wp\/v2\/product"}],"about":[{"href":"https:\/\/bumart.pl\/index.php\/wp-json\/wp\/v2\/types\/product"}],"replies":[{"embeddable":true,"href":"https:\/\/bumart.pl\/index.php\/wp-json\/wp\/v2\/comments?post=2105"}],"wp:featuredmedia":[{"embeddable":true,"href":"https:\/\/bumart.pl\/index.php\/wp-json\/wp\/v2\/media\/2106"}],"wp:attachment":[{"href":"https:\/\/bumart.pl\/index.php\/wp-json\/wp\/v2\/media?parent=2105"}],"wp:term":[{"taxonomy":"product_brand","embeddable":true,"href":"https:\/\/bumart.pl\/index.php\/wp-json\/wp\/v2\/product_brand?post=2105"},{"taxonomy":"product_cat","embeddable":true,"href":"https:\/\/bumart.pl\/index.php\/wp-json\/wp\/v2\/product_cat?post=2105"},{"taxonomy":"product_tag","embeddable":true,"href":"https:\/\/bumart.pl\/index.php\/wp-json\/wp\/v2\/product_tag?post=2105"}],"curies":[{"name":"wp","href":"https:\/\/api.w.org\/{rel}","templated":true}]}}