{"id":26396,"date":"2026-02-25T17:21:49","date_gmt":"2026-02-25T17:21:49","guid":{"rendered":"https:\/\/bumart.pl\/index.php\/product\/emalia-ftalowa-supermal-08-zielony-mietowy-f510-2\/"},"modified":"2026-02-25T17:21:49","modified_gmt":"2026-02-25T17:21:49","slug":"emalia-ftalowa-supermal-08-zielony-mietowy-f510-2","status":"publish","type":"product","link":"https:\/\/bumart.pl\/index.php\/product\/emalia-ftalowa-supermal-08-zielony-mietowy-f510-2\/","title":{"rendered":"Emalia ftalowa Supermal 0,8 zielony mi\u0119towy F510"},"content":{"rendered":"","protected":false},"excerpt":{"rendered":"<p>Emalia olejno-ftalowa firmy \u015anie\u017cka stosowana jest do dekoracyjno-ochronnego malowania drewna, materia\u0142\u00f3w drewnopochodnych, tynk\u00f3w oraz element\u00f3w stalowych i \u017celiwnych u\u017cytkowanych wewn\u0105trz i na zewn\u0105trz pomieszcze\u0144.<\/p>\n","protected":false},"featured_media":26397,"comment_status":"open","ping_status":"closed","template":"","meta":[],"product_brand":[],"product_cat":[31],"product_tag":[],"class_list":{"0":"post-26396","1":"product","2":"type-product","3":"status-publish","4":"has-post-thumbnail","6":"product_cat-farby-tynki","8":"first","9":"instock","10":"taxable","11":"shipping-taxable","12":"purchasable","13":"product-type-simple"},"jetpack_sharing_enabled":true,"_links":{"self":[{"href":"https:\/\/bumart.pl\/index.php\/wp-json\/wp\/v2\/product\/26396","targetHints":{"allow":["GET"]}}],"collection":[{"href":"https:\/\/bumart.pl\/index.php\/wp-json\/wp\/v2\/product"}],"about":[{"href":"https:\/\/bumart.pl\/index.php\/wp-json\/wp\/v2\/types\/product"}],"replies":[{"embeddable":true,"href":"https:\/\/bumart.pl\/index.php\/wp-json\/wp\/v2\/comments?post=26396"}],"wp:featuredmedia":[{"embeddable":true,"href":"https:\/\/bumart.pl\/index.php\/wp-json\/wp\/v2\/media\/26397"}],"wp:attachment":[{"href":"https:\/\/bumart.pl\/index.php\/wp-json\/wp\/v2\/media?parent=26396"}],"wp:term":[{"taxonomy":"product_brand","embeddable":true,"href":"https:\/\/bumart.pl\/index.php\/wp-json\/wp\/v2\/product_brand?post=26396"},{"taxonomy":"product_cat","embeddable":true,"href":"https:\/\/bumart.pl\/index.php\/wp-json\/wp\/v2\/product_cat?post=26396"},{"taxonomy":"product_tag","embeddable":true,"href":"https:\/\/bumart.pl\/index.php\/wp-json\/wp\/v2\/product_tag?post=26396"}],"curies":[{"name":"wp","href":"https:\/\/api.w.org\/{rel}","templated":true}]}}