{"id":2655,"date":"2025-12-12T13:26:49","date_gmt":"2025-12-12T13:26:49","guid":{"rendered":"https:\/\/bumart.pl\/index.php\/product\/wkrety-samowiercace-3-5x25-t-1000-amex-gs\/"},"modified":"2026-04-09T14:47:14","modified_gmt":"2026-04-09T14:47:14","slug":"wkrety-samowiercace-3-5x25-t-1000-amex-gs","status":"publish","type":"product","link":"https:\/\/bumart.pl\/index.php\/product\/wkrety-samowiercace-3-5x25-t-1000-amex-gs\/","title":{"rendered":"Wkr\u0119ty samowierc\u0105ce 3.5&#215;25\/T (1000) AMEX  GS"},"content":{"rendered":"","protected":false},"excerpt":{"rendered":"<p>Wkr\u0119t samowierc\u0105cy zaprojektowany do szybkiego i efektywnego monta\u017cu. Idealny do prac w budownictwie, zapewnia doskona\u0142\u0105 przyczepno\u015b\u0107 do r\u00f3\u017cnych materia\u0142\u00f3w budowlanych, takich jak p\u0142yty G-K, drewno czy metal. <\/p>\n","protected":false},"featured_media":2656,"comment_status":"open","ping_status":"closed","template":"","meta":[],"product_brand":[],"product_cat":[45],"product_tag":[],"class_list":{"0":"post-2655","1":"product","2":"type-product","3":"status-publish","4":"has-post-thumbnail","6":"product_cat-systemy-zamocowan","8":"first","9":"instock","10":"taxable","11":"shipping-taxable","12":"purchasable","13":"product-type-simple"},"jetpack_sharing_enabled":true,"_links":{"self":[{"href":"https:\/\/bumart.pl\/index.php\/wp-json\/wp\/v2\/product\/2655","targetHints":{"allow":["GET"]}}],"collection":[{"href":"https:\/\/bumart.pl\/index.php\/wp-json\/wp\/v2\/product"}],"about":[{"href":"https:\/\/bumart.pl\/index.php\/wp-json\/wp\/v2\/types\/product"}],"replies":[{"embeddable":true,"href":"https:\/\/bumart.pl\/index.php\/wp-json\/wp\/v2\/comments?post=2655"}],"wp:featuredmedia":[{"embeddable":true,"href":"https:\/\/bumart.pl\/index.php\/wp-json\/wp\/v2\/media\/2656"}],"wp:attachment":[{"href":"https:\/\/bumart.pl\/index.php\/wp-json\/wp\/v2\/media?parent=2655"}],"wp:term":[{"taxonomy":"product_brand","embeddable":true,"href":"https:\/\/bumart.pl\/index.php\/wp-json\/wp\/v2\/product_brand?post=2655"},{"taxonomy":"product_cat","embeddable":true,"href":"https:\/\/bumart.pl\/index.php\/wp-json\/wp\/v2\/product_cat?post=2655"},{"taxonomy":"product_tag","embeddable":true,"href":"https:\/\/bumart.pl\/index.php\/wp-json\/wp\/v2\/product_tag?post=2655"}],"curies":[{"name":"wp","href":"https:\/\/api.w.org\/{rel}","templated":true}]}}