{"id":346,"date":"2025-12-12T12:55:52","date_gmt":"2025-12-12T12:55:52","guid":{"rendered":"https:\/\/bumart.pl\/index.php\/product\/rura-spustowa-100-4-0m-kaczmarek-braz\/"},"modified":"2026-04-11T14:46:43","modified_gmt":"2026-04-11T14:46:43","slug":"rura-spustowa-100-4-0m-kaczmarek-braz","status":"publish","type":"product","link":"https:\/\/bumart.pl\/index.php\/product\/rura-spustowa-100-4-0m-kaczmarek-braz\/","title":{"rendered":"Rura spustowa 100\/4.0m Kaczmarek br\u0105z"},"content":{"rendered":"","protected":false},"excerpt":{"rendered":"<p>Rura spustowa jest niezb\u0119dnym elementem systemu rynnowego. Jej zadaniem jest sprawne odprowadzenie wody z rynien w d\u00f3\u0142 na do systemu drena\u017cowego lub zbiornika na deszcz\u00f3wk\u0119.<\/p>\n","protected":false},"featured_media":347,"comment_status":"open","ping_status":"closed","template":"","meta":[],"product_brand":[],"product_cat":[42],"product_tag":[],"class_list":{"0":"post-346","1":"product","2":"type-product","3":"status-publish","4":"has-post-thumbnail","6":"product_cat-pokrycia-dachowe","8":"first","9":"instock","10":"taxable","11":"shipping-taxable","12":"purchasable","13":"product-type-simple"},"jetpack_sharing_enabled":true,"_links":{"self":[{"href":"https:\/\/bumart.pl\/index.php\/wp-json\/wp\/v2\/product\/346","targetHints":{"allow":["GET"]}}],"collection":[{"href":"https:\/\/bumart.pl\/index.php\/wp-json\/wp\/v2\/product"}],"about":[{"href":"https:\/\/bumart.pl\/index.php\/wp-json\/wp\/v2\/types\/product"}],"replies":[{"embeddable":true,"href":"https:\/\/bumart.pl\/index.php\/wp-json\/wp\/v2\/comments?post=346"}],"wp:featuredmedia":[{"embeddable":true,"href":"https:\/\/bumart.pl\/index.php\/wp-json\/wp\/v2\/media\/347"}],"wp:attachment":[{"href":"https:\/\/bumart.pl\/index.php\/wp-json\/wp\/v2\/media?parent=346"}],"wp:term":[{"taxonomy":"product_brand","embeddable":true,"href":"https:\/\/bumart.pl\/index.php\/wp-json\/wp\/v2\/product_brand?post=346"},{"taxonomy":"product_cat","embeddable":true,"href":"https:\/\/bumart.pl\/index.php\/wp-json\/wp\/v2\/product_cat?post=346"},{"taxonomy":"product_tag","embeddable":true,"href":"https:\/\/bumart.pl\/index.php\/wp-json\/wp\/v2\/product_tag?post=346"}],"curies":[{"name":"wp","href":"https:\/\/api.w.org\/{rel}","templated":true}]}}