{"id":5919,"date":"2025-12-12T14:11:11","date_gmt":"2025-12-12T14:11:11","guid":{"rendered":"https:\/\/bumart.pl\/index.php\/product\/farba-sniezka-barwy-natury-25l-dzika-orchidea-147\/"},"modified":"2026-04-04T14:47:46","modified_gmt":"2026-04-04T14:47:46","slug":"farba-sniezka-barwy-natury-25l-dzika-orchidea-147","status":"publish","type":"product","link":"https:\/\/bumart.pl\/index.php\/product\/farba-sniezka-barwy-natury-25l-dzika-orchidea-147\/","title":{"rendered":"Farba \u015anie\u017cka Barwy Natury 2,5L Dzika orchidea 147"},"content":{"rendered":"","protected":false},"excerpt":{"rendered":"<p>Farba lateksowa wewn\u0119trzna Barwy Natury, przeznaczona do dekoracyjno ochronnego malowania \u015bcian i sufit\u00f3w z zapraw cementowych, cementowo wapiennych, gipsowych, ceg\u0142y, p\u0142yt gipsowo kartonowych, powierzchni drewnianych i drewnopochodnych. Wydajno\u015b\u0107 14m2\/L.<\/p>\n","protected":false},"featured_media":5920,"comment_status":"open","ping_status":"closed","template":"","meta":[],"product_brand":[],"product_cat":[31],"product_tag":[],"class_list":{"0":"post-5919","1":"product","2":"type-product","3":"status-publish","4":"has-post-thumbnail","6":"product_cat-farby-tynki","8":"first","9":"instock","10":"taxable","11":"shipping-taxable","12":"purchasable","13":"product-type-simple"},"jetpack_sharing_enabled":true,"_links":{"self":[{"href":"https:\/\/bumart.pl\/index.php\/wp-json\/wp\/v2\/product\/5919","targetHints":{"allow":["GET"]}}],"collection":[{"href":"https:\/\/bumart.pl\/index.php\/wp-json\/wp\/v2\/product"}],"about":[{"href":"https:\/\/bumart.pl\/index.php\/wp-json\/wp\/v2\/types\/product"}],"replies":[{"embeddable":true,"href":"https:\/\/bumart.pl\/index.php\/wp-json\/wp\/v2\/comments?post=5919"}],"wp:featuredmedia":[{"embeddable":true,"href":"https:\/\/bumart.pl\/index.php\/wp-json\/wp\/v2\/media\/5920"}],"wp:attachment":[{"href":"https:\/\/bumart.pl\/index.php\/wp-json\/wp\/v2\/media?parent=5919"}],"wp:term":[{"taxonomy":"product_brand","embeddable":true,"href":"https:\/\/bumart.pl\/index.php\/wp-json\/wp\/v2\/product_brand?post=5919"},{"taxonomy":"product_cat","embeddable":true,"href":"https:\/\/bumart.pl\/index.php\/wp-json\/wp\/v2\/product_cat?post=5919"},{"taxonomy":"product_tag","embeddable":true,"href":"https:\/\/bumart.pl\/index.php\/wp-json\/wp\/v2\/product_tag?post=5919"}],"curies":[{"name":"wp","href":"https:\/\/api.w.org\/{rel}","templated":true}]}}