{"id":8944,"date":"2025-12-12T14:57:21","date_gmt":"2025-12-12T14:57:21","guid":{"rendered":"https:\/\/bumart.pl\/index.php\/product\/zdzierak-do-styropianu-130x270mm\/"},"modified":"2026-04-04T11:48:28","modified_gmt":"2026-04-04T11:48:28","slug":"zdzierak-do-styropianu-130x270mm","status":"publish","type":"product","link":"https:\/\/bumart.pl\/index.php\/product\/zdzierak-do-styropianu-130x270mm\/","title":{"rendered":"Zdzierak do styropianu 130x270mm"},"content":{"rendered":"","protected":false},"excerpt":{"rendered":"<p>Plastikowa paca, cz\u0119\u015bci roboczej pokryta cynkowan\u0105 blach\u0105 ze specjalnie wykonan\u0105 tark\u0105 o du\u017cej trwa\u0142o\u015bci przeznaczon\u0105 obr\u00f3bki p\u0142yt styropianowych. U\u017cywana przy pracach izolacyjnych i ociepleniowych.<\/p>\n","protected":false},"featured_media":8945,"comment_status":"open","ping_status":"closed","template":"","meta":[],"product_brand":[],"product_cat":[15],"product_tag":[],"class_list":{"0":"post-8944","1":"product","2":"type-product","3":"status-publish","4":"has-post-thumbnail","6":"product_cat-uncategorized","8":"first","9":"instock","10":"taxable","11":"shipping-taxable","12":"purchasable","13":"product-type-simple"},"jetpack_sharing_enabled":true,"_links":{"self":[{"href":"https:\/\/bumart.pl\/index.php\/wp-json\/wp\/v2\/product\/8944","targetHints":{"allow":["GET"]}}],"collection":[{"href":"https:\/\/bumart.pl\/index.php\/wp-json\/wp\/v2\/product"}],"about":[{"href":"https:\/\/bumart.pl\/index.php\/wp-json\/wp\/v2\/types\/product"}],"replies":[{"embeddable":true,"href":"https:\/\/bumart.pl\/index.php\/wp-json\/wp\/v2\/comments?post=8944"}],"wp:featuredmedia":[{"embeddable":true,"href":"https:\/\/bumart.pl\/index.php\/wp-json\/wp\/v2\/media\/8945"}],"wp:attachment":[{"href":"https:\/\/bumart.pl\/index.php\/wp-json\/wp\/v2\/media?parent=8944"}],"wp:term":[{"taxonomy":"product_brand","embeddable":true,"href":"https:\/\/bumart.pl\/index.php\/wp-json\/wp\/v2\/product_brand?post=8944"},{"taxonomy":"product_cat","embeddable":true,"href":"https:\/\/bumart.pl\/index.php\/wp-json\/wp\/v2\/product_cat?post=8944"},{"taxonomy":"product_tag","embeddable":true,"href":"https:\/\/bumart.pl\/index.php\/wp-json\/wp\/v2\/product_tag?post=8944"}],"curies":[{"name":"wp","href":"https:\/\/api.w.org\/{rel}","templated":true}]}}